 g**2 + 5*g + 10. Let k = -11 + 5. Calculate the remainder when 47 is divided by i(k).
15
Let p(i) = -i**2 + 26*i - 8. What is the remainder when 386 is divided by p(5)?
95
Suppose f - 4*z = -13, 5*f + 2*z + 0*z - 23 = 0. Suppose 2*v + 24 = -v. Let o = v + 15. Calculate the remainder when o is divided by f.
1
Let q(u) = 3*u - 17. Calculate the remainder when q(11) is divided by 4.
0
Let f(j) = -66*j - 3. Let l be f(-1). Let n = l - 32. Calculate the remainder when n is divided by 5.
1
Let z(x) = x**2 - 12*x + 6. Let d be z(12). Let k be 10 + d/(-9)*3. Let q = 9 - k. Calculate the remainder when 2 is divided by q.
0
Suppose -5*x + 271 = 3*d - 157, -2*d = -4*x - 300. Suppose -63*u = -75*u + 444. Calculate the remainder when d is divided by u.
35
Let w(h) = h**2 - h - 3. Let k(j) be the second derivative of -j**5/20 - j**4/3 - j**3 - 6*j. What is the remainder when k(-4) is divided by w(-3)?
6
Let k = 20 - 16. Let t(y) = -10*y**3 + k*y**3 + y + 0 + 1 + y**2 + 4*y**3. What is the remainder when 7 is divided by t(-1)?
1
Let r = -407 + 433. What is the remainder when r is divided by 16?
10
Let g(q) = -4*q - 21. Calculate the remainder when g(-19) is divided by 43.
12
Let l(n) be the third derivative of -n**4/24 + 5*n**3/6 + 4*n**2. Calculate the remainder when 76 is divided by l(-8).
11
Suppose 0 = 4*q - 2048 + 1908. What is the remainder when 169 is divided by q?
29
Let n(j) = -j + 3. Let y be n(-5). Calculate the remainder when (-4)/(-3)*36/y is divided by 4.
2
What is the remainder when 124 is divided by ((-18)/(-4) - (-1)/4)*8?
10
What is the remainder when 50 is divided by (-238)/52*-2 + (-10)/65?
5
Let z = 329 + -291. Calculate the remainder when z is divided by 21.
17
Suppose -216*t + 182*t + 1564 = 0. What is the remainder when 180 is divided by t?
42
Suppose m - 38 + 14 = 0. What is the remainder when m is divided by 5?
4
Let j be (45/6)/((-9)/(-84)). Suppose 4*i - j + 10 = 0. What is the remainder when 73 is divided by i?
13
Let c(v) = v - 2. Let m(n) = -7*n - 1. Let z be m(-1). Let o be c(z). Suppose -3*f + o*f - 12 = 0. What is the remainder when 59 is divided by f?
11
Let p(d) = 3*d**2 - 55*d - 78. Calculate the remainder when 149 is divided by p(20).
17
Let q(a) = a**3 - 4*a**2 - 7*a - 20. What is the remainder when q(6) is divided by (1/2)/((-2)/(-12))?
1
Suppose 0 = 70*b - 25*b - 2070. What is the remainder when b is divided by 14?
4
Suppose i = 2, f + 5*i - 12 - 67 = 0. Calculate the remainder when f is divided by 8/(-1)*(-18)/8.
15
Let j(c) = -42*c - 70. What is the remainder when j(-5) is divided by 27?
5
Suppose 0 = 29*k - 32*k + 24. Suppose 5*q - 455 = 210. What is the remainder when q is divided by k?
5
Let l be 5 - 7 - 293/((-2)/2). Suppose 4*o = 5*d + l, o - 282 = -3*o + 2*d. What is the remainder when o is divided by 14?
13
Let c(m) = m**3 - 3*m**2 + 4. Let q(l) = 9*l - 3. Let p(s) = s - 1. Let g(f) = -6*p(f) + q(f). Let n be g(0). Calculate the remainder when c(n) is divided by 3.
1
Suppose -8*z + 9*z = 350. Suppose v = -3*v - 5*k - 277, 5*v = -5*k - z. Let y = 112 + v. What is the remainder when y is divided by 20?
19
Suppose 6*p + d - 24 = 4*p, 5*d = 4*p - 48. Suppose -3*t + t + 142 = 2*c, t = 5*c - 355. Calculate the remainder when c is divided by p.
11
Let s(d) = 4*d**2 - 15*d - 5. Let z = -27 - -32. Calculate the remainder when s(z) is divided by 8.
4
Let y(i) = i**2 - 28*i + 117. What is the remainder when y(35) is divided by 28?
26
Let q(a) = -a**2 + 12*a + 4. Suppose -4*f + 1 = -c - 4, 0 = 3*f - 2*c. What is the remainder when q(12) is divided by f?
0
Suppose 4*j - 51 = -5*d, 18*j + 5*d + 33 = 20*j. Calculate the remainder when 151 is divided by j.
11
Suppose 0 = l - 69 + 109. Let d = l - -74. Let h(p) = p**3 + 5*p**2 - 7*p + 3. Calculate the remainder when d is divided by h(-6).
7
Let t = -21 - -35. Let x = t - 11. What is the remainder when 3 is divided by x?
0
Let y = -3 - -514. Calculate the remainder when y is divided by 86.
81
Let s(n) = 13*n**2 - 3*n + 6. Let b(x) = -2*x - 1. Let k be b(1). Let w be s(k). What is the remainder when w/18*1*9 is divided by 17?
15
Suppose 4*y + 16 = 124. Suppose 0 = -2*u + 27 + 51. Suppose -31 = -5*c + u. What is the remainder when y is divided by c?
13
Let u = 16 - 45. Let m = u + 29. What is the remainder when m/(-21) - 16/(-2) is divided by 6?
2
Let l(t) = -t + 1 + 2*t - 4*t. Let n be l(-1). Suppose n*c - 37 = 3*c. Calculate the remainder when c is divided by 19.
18
Suppose -14*k + 4*k - 20 = 0. What is the remainder when 60 is divided by (13 - -5) + 0 + k?
12
Suppose -9*p - 62 = -7*p. Let a = p - -49. Let x = a + 0. Calculate the remainder when 35 is divided by x.
17
Suppose 0 = 8*x - 4*x - 200. Suppose 5 = 2*b - 3. What is the remainder when x is divided by b?
2
Let r(d) = 62*d - 62. Calculate the remainder when r(5) is divided by 124.
0
Let m be (2 - (-16)/(-10))/(1/5). Calculate the remainder when (6 + 19)/(m/4) is divided by 16.
2
Calculate the remainder when 23/(276/180) - -14 is divided by 6/(-9) - 14/(-3).
1
Let o = 6 + 3. Suppose -25 = -x + o. Let y = 7259 - 7247. Calculate the remainder when x is divided by y.
10
Let x(c) = -113*c - 158. Calculate the remainder when x(-4) is divided by 34.
22
Suppose 0 = 8*q + 31 + 49. Let p = 29 + q. Calculate the remainder when 56 is divided by p.
18
Let v = -10 + 10. Suppose v = 5*d - 5 + 10, -5*a = -3*d - 153. What is the remainder when 117 is divided by a?
27
Let s = 163 - 30. What is the remainder when s is divided by 27?
25
Let f(d) = -30*d - 1. Let v be 14/(-6) - (-7)/42*8. What is the remainder when f(-2) is divided by (-8)/v - (-6 - (-12)/6)?
11
Suppose 3*j + 78*w - 1683 = 81*w, -5*j - 4*w + 2841 = 0. Calculate the remainder when j is divided by 15.
10
Suppose 4*h - 358 = -q, -2*h - 3*h + 449 = 2*q. What is the remainder when 532 is divided by h?
87
Suppose 5*u - u + 15 = 3*d, -3*u = 3*d - 15. Suppose 3*h + 3*c - 21 = u, 3*c = -4*h - h + 37. What is the remainder when 15 is divided by h?
7
Suppose 2*p - 2*m = m + 69, 2*m + 70 = 2*p. Let h = p - 25. Calculate the remainder when 18 is divided by h.
7
Let j(g) = 3*g**3 + 3*g**2 + 2*g - 14. What is the remainder when j(3) is divided by 37?
26
Suppose 0 = 4*g + 8, -148 = -3*z + z - 5*g. Calculate the remainder when z is divided by 74.
5
Suppose -17*j + 158 + 267 = 0. What is the remainder when 79 is divided by j?
4
Let z(i) = i**3 + 12*i**2 - 13*i + 11. Suppose x - 12 = 9*h - 8*h, 2*x = -2. What is the remainder when 184 is divided by z(h)?
8
Suppose 0 = -7*r + 222 + 51. What is the remainder when r is divided by 10?
9
Suppose -31*t = -34*t + 57. Suppose -2*m = 4*r - 90, 4*r + 5*m - 94 + t = 0. Calculate the remainder when 72 is divided by r.
22
What is the remainder when (-3 + 304/(-56))*-7 is divided by 17?
8
Let l = -45 + 51. Suppose 0 = 3*k - l*k + 48. Calculate the remainder when (-2)/(-6) + 352/6 is divided by k.
11
Let i(d) = -2*d**3 - 2*d**2 - 3*d - 5. Suppose 2*x = -4 - 0. What is the remainder when 17 is divided by i(x)?
8
Let s be (5 - -25) + (-4)/(1 + -2). Suppose -3 - s = -l. Calculate the remainder when 184 is divided by l.
36
Let o(c) = -2*c - 16. Let w be o(-14). Let y = w + -7. Calculate the remainder when (y - -2) + (-3)/1 is divided by 3.
1
Let v(k) = k**3 - 4*k**2 + 3*k - 6. Suppose 2*t + 0*t = -6. Let m be (-2 + 7)*t/(-3). What is the remainder when v(m) is divided by 12?
10
Suppose -4*v - 3*i = 67, 5*i + 0*i + 85 = -5*v. Let y = v - -85. Calculate the remainder when y is divided by 18.
15
Let z be -1 + 83 - 0/7. Suppose -a + 4*y = -29 + 2, -4*a + z = -3*y. What is the remainder when 73 is divided by a?
16
Let q(j) = 2*j + 335. What is the remainder when q(-26) is divided by 11?
8
Let r be -2 + 4 - 45/(-5). Suppose -r*s = -16*s + 445. Calculate the remainder when s is divided by 30.
29
Let a = -831 - -1141. What is the remainder when a is divided by 32?
22
Calculate the remainder when 842 is divided by 3 - (-960)/8 - 2.
116
Suppose 0 = -3*i - 4*d + 160, 2*i - 1 = -2*d + 107. Calculate the remainder when 223 is divided by i.
55
Let g = 449 + -372. Let t = -25 + 35. Calculate the remainder when g is divided by t.
7
Let u(f) = -2*f**2 + 5*f + 5. What is the remainder when 19 is divided by u(3)?
1
Suppose -118 = -4*i - 2*n, -n - 4 = -3. What is the remaind